 i(r) = 4*f(r) - 5*p(r). Suppose 4*t + t = -25. Calculate i(t).
-45
Let g(m) = 1423*m - 712*m - 698*m + 3*m**2 - 35 + 53. Give g(-5).
28
Let o(b) = b**2 - 7*b - 10. Let j(p) = -p**2 + 1. Let w be ((-9)/(-6))/(3/4*1). Let s(l) = w*j(l) + o(l). Let v be s(-4). Let a(r) = r + 3. What is a(v)?
7
Let z = -66 - -72. Let k(w) = 0*w - z*w + 6 + 0*w - w**2. Give k(-5).
11
Let i = -653 + 663. Suppose -i*d - 1438 = -1428. Let f(m) = -13*m**2 - 1. Calculate f(d).
-14
Suppose 14*m = 121 + 229. Let i(j) = -j**3 + j**2 - 14*j + 6*j + m + 7*j. Calculate i(0).
25
Let w(k) = k**3 - 4*k**2 + k - 2. Suppose 0*r + 3*r - 18 = -4*o, -2*r = -5*o + 11. Suppose -108 = -2*l - r*l. Suppose -17 - l = -11*b. Determine w(b).
2
Let y(d) = -6*d + 26. Let v(p) = -3*p + 12. Let u(h) = 13*v(h) - 6*y(h). Let j be ((-115)/(-69))/(15/18). Determine u(j).
-6
Let r(q) be the first derivative of 109*q**2/2 + 2*q + 8257. What is r(-1)?
-107
Let n(h) = 102*h + 103 - 204*h + 113*h. What is n(-9)?
4
Let w be 125/(-15)*18/(-15). Let p(s) = s**2 - 13*s + 20. Let l be p(w). Let b be 126/(-26) - l/(-65). Let a(u) = -5*u - 7. What is a(b)?
18
Let z(o) be the first derivative of -8*o**4 - o**3 + o**2/2 + o + 453. Give z(1).
-33
Let u(j) = -31*j - 31*j - 50*j - 19*j + 101*j - 102. Calculate u(-3).
-12
Let x(m) = m**2 + m + 44. Let v(z) = 20*z + 220. Let y be 166/747 - (-101)/(-9). Let d be v(y). Give x(d).
44
Let c(i) = 25*i**2 - 9*i - 43. Let l(z) = -46*z**2 + 19*z + 84. Let k(b) = -11*c(b) - 6*l(b). Give k(17).
3
Let c be ((-2)/(-2))/(1/28). Suppose 0 = 23*p - c*p + 40. Let w(r) = -r**2 - 4*r + 6*r - 1 + p*r**3 - 2*r - 2*r. What is w(-1)?
-8
Let j(i) be the first derivative of i**6/120 + i**5/12 - 2*i**3/3 + i**2/2 + 7*i - 73. Let n(z) be the second derivative of j(z). Calculate n(-4).
12
Let y(z) = 15*z. Let i(k) = 2 + 31*k + 2 - 8 - 5*k + 3. Let r(l) = 4*i(l) - 7*y(l). What is r(11)?
-15
Let j(z) be the first derivative of z**3/3 + 4*z**2 + 9*z - 600. Give j(-4).
-7
Let m(l) = 478*l**2 + 4*l + 14 + 46 - 8 - 479*l**2. Calculate m(-6).
-8
Let j(s) be the first derivative of s**4/2 - 14*s**3/3 - 4*s**2 + 37*s - 10782. Determine j(7).
-19
Let x(q) = -20*q - 2. Suppose -4*m - 62 = 2*g - 186, 3 = 3*m. Let d be 12/g + (-18)/(-10). Determine x(d).
-42
Let v(l) = -8*l**2 + l + 1. Let b(j) = 23*j**2 - 2*j - 3. Suppose -3*m + 23 = -1. Let t(a) = m*v(a) + 3*b(a). Let s = 3703 + -3702. What is t(s)?
6
Let j(p) = -p**2 + 27*p + 1. Let w(m) = -m**2 + 166*m - 2633. Let v be w(18). Determine j(v).
-123
Suppose -6*d - 38 = -g + 95, -4*g = -2*d - 26. Let o(x) = 5*x + 104. Calculate o(d).
-11
Let q(f) be the first derivative of -2*f**3/3 - 25*f**2/2 - 36*f + 1993. Give q(-11).
-3
Let j(o) = -10*o**3 + 2*o**2 + 15*o + 12. Let q be j(-1). Let m(r) be the second derivative of r**3/6 + 2*r**2 + 2*r. Calculate m(q).
13
Let q(j) = j**3 + j**2 - 91*j - 2. Let s be q(-10). Let b(m) = m**3 - 6*m**2 - 16*m - 9. Determine b(s).
-9
Suppose 100*t + 117 = 109*t. Let x(u) = -2*u + 17. Give x(t).
-9
Let o(r) = r**3 + r. Let z = 169 - 117. Let v = z - 46. Suppose v = 7*y - 10*y. Give o(y).
-10
Let g = 20 - 19. Let t(x) = -1 + 2 - 12*x**3 - 48619*x**2 + 48618*x**2. Calculate t(g).
-12
Let g(t) = -377 + 413 + 43*t - 336. Calculate g(7).
1
Suppose 0 = 19*h - 22 - 35. Let y(q) = 10*q - 2*q + 0*q - h - 2*q - q**2. Suppose 0 = 2*v - 6 - 6. Give y(v).
-3
Let y(j) be the second derivative of -j**4/12 - 8*j**3/3 + 2*j**2 - 701*j. Determine y(-16).
4
Let g = 16394 - 16389. Let i(w) = -13*w**3 + 69*w**2 - 21*w. Determine i(g).
-5
Let z = 289 - 285. Suppose z*k + 45 = 37. Let a(d) = 17*d - 1. Calculate a(k).
-35
Let x be (-1 - -2)*(-1 - -3). Suppose -13*d + 154 = -x*d. Suppose c - 4*p + 23 = 0, 2*c - 3*p - d = -7*p. Let o(h) = -4*h**2 - h + 4. Determine o(c).
-29
Let p(r) be the second derivative of -r**3/6 + 15*r**2 - 74*r. Calculate p(0).
30
Let n(h) = -5*h - 3. Suppose 4*q - 3 = -5*j, -q + 2*j - 1 + 5 = 0. Let r(f) = 17*f + 9. Let z(c) = q*r(c) + 7*n(c). Determine z(7).
-10
Let u(n) = n**3 + 9*n**2 + 7*n - 14. Suppose 16*q - 34*q + 90 = 0. Suppose 2*m = q*p + 38, p - 30 = 5*m - 33. Calculate u(p).
-6
Let m(n) = -2*n**3 - 9*n**2 - 1. Let l(y) = 3*y**3 + 17*y**2 - y + 2. Suppose -52*c + 47*c = 25. Let j(i) = c*m(i) - 3*l(i). Let k = 15 - 10. Determine j(k).
-11
Let r(o) = 4*o + 8. Let n be -27 + -690 - (-9)/1. Let l = 714 + n. Determine r(l).
32
Let g = -503 + 501. Let d(a) = 6*a**2 - 4*a**2 - 1 - 14*a + 16*a. What is d(g)?
3
Let y(d) be the first derivative of 0*d - 5/2*d**2 - 1/4*d**4 + 157 - 5/3*d**3. Determine y(-4).
4
Let b(d) be the third derivative of d**7/1680 - 7*d**6/720 - 7*d**5/60 - d**3/3 - 66*d**2. Let f(o) be the third derivative of b(o). Determine f(9).
20
Let l(d) = 4*d**2 + 145*d - 24. Let f(o) = o - 1. Let g(r) = -2*f(r) - l(r). Let p be g(-37). Let u(n) = n**2 + 11*n. Determine u(p).
0
Let o(t) = 15*t - 10. Let a(f) = -3*f + 2. Let w(p) = -11*a(p) - 2*o(p). Let j = -253 + 269. Suppose 0 = -3*v - 6*r + r - j, 0 = -4*v + 3*r - 2. Give w(v).
-8
Let c(y) be the first derivative of y**2 - 2*y - 1307. Give c(12).
22
Suppose -v - 4 = -5. Let x be ((-2)/(-3) - 14/21)*v. Let f(o) = o**2 + o - 5. Calculate f(x).
-5
Let h(a) = a**3 - 12*a**2 - 13*a. Let m(r) = r**2 + r - 1. Suppose 0 = -293*j + 292*j - 1. Let b(y) = j*h(y) - 4*m(y). Determine b(9).
4
Let o(r) = 3801*r - 1905*r + 19 + 38 - 1901*r. Calculate o(7).
22
Let y be ((45/(-4))/9)/(1/(-68)). Let r(i) = 35*i + 30*i + 3 - y*i + 27*i. Let p be ((-4)/4 - 2) + (0 - -1). Calculate r(p).
-11
Let g(w) be the first derivative of w**2 - w + 1. Let r(i) be the first derivative of 7*i**2/2 - 106*i + 166. Let t be r(15). Calculate g(t).
-3
Let i = 33 + -36. Let p be i/(-12)*-2*0. Let w(z) = z**3 - 5*z**2 - 5*z + 15. Let v(f) = -f**2 - f + 1. Let q(c) = -4*v(c) + w(c). Calculate q(p).
11
Let t(r) = -r - 22. Suppose 4*f = -b - 20, -135*b + f = -139*b - 50. Give t(b).
-10
Let h(t) = 4*t**2 + 19*t + 35. Let c(u) = 6*u**2 + 28*u + 52. Let j(i) = 5*c(i) - 7*h(i). Let v be j(-3). Let g(a) = a + 2. Calculate g(v).
14
Suppose 2*y - 4 = -4*z, -8*z + 3*z - 4*y = -2. Suppose -4*b = -b + z*b. Let p(g) = -2*g + 8. Determine p(b).
8
Suppose -79 = -m - 85. Let k(a) be the second derivative of -a**4/12 - a**3 + 3*a**2 - a + 1. Determine k(m).
6
Let l(t) = -t**2 - 2*t + 3. Let a(y) = y**2 + 4*y + 33. Let f be a(-8). Let s = f + -62. What is l(s)?
-12
Let w(v) = 26*v + 43*v - 57*v + 56 - 59. Calculate w(-3).
-39
Let z be (-17)/(-85)*-8*15/12. Let w(l) = -3*l**3 + 2*l**2 + 1. Calculate w(z).
33
Let d(y) = 6*y - 47415 + 2*y**2 + 47364 + 27*y - 3*y**2. Determine d(31).
11
Let l = 20292 + -20292. Let a(y) be the third derivative of 2*y**2 + l*y**5 + 0 + 0*y + 1/24*y**4 - 1/6*y**3 - 1/120*y**6. Give a(0).
-1
Suppose -4*t = 27*g - 30*g - 5, -t + 5*g - 20 = 0. Let s(x) = x**3 - 5*x**2 - 4*x + 12. What is s(t)?
-8
Let d(q) = 17892*q - 8975*q - 5*q**2 - 8973*q - 5. Calculate d(-11).
6
Suppose 6*x + 42 = -x. Let q(u) = 5*u - 8 + 4 + 5 - u**3 + 7*u**2 + 2*u**3. What is q(x)?
7
Let w(u) = -19*u**2 - u. Let r be (-3 + 4)/((-1)/593). Let o = r + 594. Calculate w(o).
-20
Let m(i) = 38 - 3*i - 38 + 2*i - 2 + 6. Determine m(9).
-5
Let a(m) = -8 - 248 + 13*m - 694 - 97 + 37*m. What is a(21)?
3
Let c(h) = 5*h**2 + 68*h + 39. Let v be c(-13). Let p(o) be the second derivative of -o**2 + 1/20*o**5 - 2/3*o**3 - 4*o + v - 1/4*o**4. Determine p(-2).
-14
Let i(t) = 8324*t + 8306*t + 30 - 22 - 16619*t + 53. Give i(-5).
6
Suppose 0 = 4*d - 3*o + 3, d - o = 1 - 3. Let l(x) = 11*x**2 - 4*x**3 - x - 8*x + 0*x**3 - 11 + d*x**3. Let m(b) = -123*b + 256. Let a be m(2). Calculate l(a).
-1
Suppose 0 = -5*x + g + 11, 4*g = 8*g + 4. Let s(k) = k**x + 2*k + 5 + 6*k - 5*k - 12. Calculate s(-6).
11
Let z(o) = 10*o**2 + 3*o + 3*o**2 - 67 + 68 + 4*o - 12*o**2. Give z(-3).
-11
Let v(m) = -13*m - 201. Let b(a) = -2*a + 16. Let c(o) = -4*b(o) - v(o). Calculate c(-7).
-10
Suppose -2*g - 3*g = -375. Suppose 11941 = 191*y - 1429. Let b = g - y. Let m(j) = -j**3 + 4*j**2 + 4*j. Calculate m(b).
-5
Let h(j) = -j**2 - 16*j + 18. Let b be h(-17). Let q(d) = d**3 + 5*d**2 - d + 2. Let c(n) = 15*n**3 + 13*n**2 - n + 5. Let a(s) = c(s) - 3*q(s). Give a(b).
11
Let b(t) = -t**2 - 4*t - 6. Suppose -5*x - 95 = 290. Let l be (-4)/12 + 2834/(-39). Let d = x - 